at are the prime factors of h?
2, 5
Suppose -11*o = -10*o. Let b(m) = m**3 - m**2 + m + 25. What are the prime factors of b(o)?
5
Let u be -2 + (1 - (3 + 2)). List the prime factors of 6/(-4)*28/u.
7
Let c(p) = -p**2. Let d be c(1). What are the prime factors of 11*(1 - (-1 - d))?
11
Let x(l) = l + 2. Let b be x(0). List the prime factors of 17 - ((b - -3) + -2).
2, 7
Let x be 0 - (4/(-2) + 1). Suppose -r + x = -2. Let d(a) = a - 1. What are the prime factors of d(r)?
2
Suppose -2*t + 81 = t. Suppose -v + t = 11. What are the prime factors of v?
2
Let w(u) = u - 9. Let n(b) = 3*b - 17. Let m(o) = 3*n(o) - 5*w(o). What are the prime factors of m(6)?
2, 3
Suppose -5 = -x + 39. List the prime factors of x.
2, 11
Suppose 5*q - 3 = 4*q. Suppose -2*c + 3 - 13 = 0, -3*n + 5*c = -25. List the prime factors of (10/6 - n)*q.
5
Suppose -2*y + 7 - 1 = 0. Suppose 2*z - 8 + 25 = 3*r, -16 = 4*z. List the prime factors of (-2)/r + 8/y.
2
Let g(v) = 3 + 5 + v**3 + 0 + 5*v - 7*v**2. Let q be g(6). Suppose 0 = -4*s - 0*s - 16, 2 = -b - q*s. List the prime factors of b.
2, 3
Suppose 5*o - 197 = -2. Suppose 5*d + 3*b - o = 2*d, 0 = 5*d - b - 59. What are the prime factors of d?
2, 3
Let b(d) = -3*d - 3. Suppose -3*r - 13 = 8. List the prime factors of b(r).
2, 3
List the prime factors of (4/7)/((-10)/(-105)).
2, 3
Suppose 4*q = 20, -4*n + q - 21 = -356. What are the prime factors of n?
5, 17
Let m(x) = -x**3 + 5*x**2 + x - 1. Let b be m(5). Suppose -b*p + 12 = -0. Suppose -2*n + p = -q, -4*q + 8 = -0*n + 2*n. List the prime factors of n.
2
Let i(l) = 2*l**3 + 5*l**2 - 7*l + 6. What are the prime factors of i(3)?
2, 3, 7
Let t be 1 - (-33 + (3 - 2)). Let s = t + -12. Suppose 3*h - 3*c - 2*c = s, -3*c = 2*h - 33. List the prime factors of h.
2, 3
List the prime factors of 8/(-20) + 831/15.
5, 11
What are the prime factors of 118/2 + (0 - 4 - -3)?
2, 29
Suppose -365 = -16*h + 11*h. List the prime factors of h.
73
Let o(f) = -f - 2. Let n be o(-2). Let k(i) = i**2 - 9*i - 4. Let m be k(8). Let z = n - m. List the prime factors of z.
2, 3
Suppose 4 = -5*u + 19. Suppose -c - 10 = u*o, 2 = 3*c + 4*o - 3*o. What are the prime factors of 7*2/(0 + c)?
7
Let c be 4/6*6/4. Let p = c + 20. Let r = p - 9. List the prime factors of r.
2, 3
Let g(i) = -24*i - 26. List the prime factors of g(-12).
2, 131
Suppose 4*u + 5*k + 20 = 0, -3*u + u + 2*k = 10. Let b = u + 7. What are the prime factors of b?
2
Let w be 2/(-5) + (-44)/(-10). Suppose w*c = 8 + 12. Suppose -c*n + 28 + 2 = 0. What are the prime factors of n?
2, 3
Suppose 3*w + 2*r - 2 = 4, -3*r - 13 = -w. List the prime factors of w/(-6) + 128/12.
2, 5
Let o = 3 + 89. What are the prime factors of o?
2, 23
Suppose 0 = -u - 2*n + 8, -4*u - 2*n = -n - 25. Suppose -4*r + 2*r + u = 0. List the prime factors of r.
3
Let s = -3 - -8. Suppose -35 = s*z - 105. What are the prime factors of z?
2, 7
Suppose 0 = -b + 4*b. Suppose -2*o + 22 + 20 = b. List the prime factors of o.
3, 7
Suppose -3*a = -1 - 20. What are the prime factors of ((-54)/21)/((-1)/a)?
2, 3
Let j = 2 + 0. Suppose 2*n + g = 109, n + j*g + 277 = 6*n. Suppose u - n = -4*u. List the prime factors of u.
11
Let w = 10 - 6. Suppose -6*h + w*h + 18 = 0. List the prime factors of h.
3
Suppose -2*d - 3*d = 15, 5*d - 105 = -2*i. List the prime factors of i.
2, 3, 5
Let f = 0 + 3. Suppose -2*m - f*m = -30. What are the prime factors of m?
2, 3
Let g = 0 - 0. Suppose 3*i = -n - 11, 11 = 4*n - g*n + i. What are the prime factors of n?
2
Suppose -3*j - 4 = -5*j. Suppose -r = -j*p - 6*r + 11, -r = p - 7. List the prime factors of p.
2
Let y(q) = 8*q**2 + 3*q. What are the prime factors of y(-3)?
3, 7
List the prime factors of 20/35*(-2877)/(-6).
2, 137
Let o be (-6)/(-3)*(1 - -1). Suppose -o*f = k - 7 - 14, 4*k + 2*f - 56 = 0. Suppose -3*d + 11 = -k. What are the prime factors of d?
2
Suppose 0 = -3*h - 1 + 7. What are the prime factors of h?
2
Suppose 5*d - 3*t + 87 = 0, 2*d - t = -3*t - 38. Let b = d + 38. Suppose -4*u + 28 + b = 0. List the prime factors of u.
2, 3
Let b be -4 - -1 - 16/(-2). Let a = 39 - b. What are the prime factors of a?
2, 17
Let s(r) = 13*r - 4. Let i be s(-2). Let g = 44 + i. List the prime factors of g.
2, 7
Suppose -5*x + 0*k - 55 = -4*k, -x = -k + 12. Let v = 12 + x. List the prime factors of v.
5
Let v(d) = d**3 - 8*d**2 + 2*d + 5. Let m be v(6). Let t = 77 + m. List the prime factors of t.
2, 11
Let n = 805 - 542. List the prime factors of n.
263
Suppose c - 2*c = m - 3, m - 2*c = 18. Let x = 4 + m. What are the prime factors of x?
2, 3
Suppose -2*z - 3*b + 28 = 0, -3*z - b - b = -32. List the prime factors of 174/z - (-13)/52.
2, 11
Let p(z) = -z**2 + 41*z - 20. List the prime factors of p(13).
2, 43
Suppose -18 = -5*l - 2*t, 0 = 5*l - 4*l - 4*t + 14. Suppose -i + 2 = -l. What are the prime factors of i?
2
Let i = 8 + -3. Let t(m) = -3*m**2 - 3 + i*m**2 + 3 + m. What are the prime factors of t(-2)?
2, 3
Let a(g) = 9*g - 1. Let n be a(1). Suppose -16 = -3*b + n. What are the prime factors of b?
2
Let h be (4*81)/(-3) - 2. Let l = h - -162. Suppose a + 4*z - 36 = -a, -4*a + l = 3*z. List the prime factors of a.
2, 5
Let x be 0/(1 + 3 - 3). Suppose x = -4*h + h + 66. List the prime factors of h.
2, 11
Let v(c) = 7*c - 10. Let y be v(11). Suppose -k - 2*a = -0*a - 24, -3*k = 5*a - y. List the prime factors of k.
2, 7
Let h(j) = -2*j. Let i be h(-2). Suppose i*n - 17 = c + 62, -n = 3*c - 36. What are the prime factors of n?
3, 7
Let s(x) = x + 10. Let p be s(-5). Suppose -4*z = -4*i - 93 - 23, 49 = z - p*i. List the prime factors of z.
2, 3
Let c(m) be the third derivative of m**6/120 - m**5/12 - m**4/8 - 5*m**3/6 - m**2. Suppose 3*w = 8*w - 30. What are the prime factors of c(w)?
13
Let a(f) = 5*f + 1. Let w be a(-2). Let x(v) = -7*v - 7. Let s(q) = -6*q - 6. Let c(y) = 6*s(y) - 5*x(y). List the prime factors of c(w).
2
Suppose -4*o = -2*r + 130, -r = -o - 84 + 17. List the prime factors of r.
3, 23
List the prime factors of 5690/26 + 42/273.
3, 73
Suppose -r - 2*v + 5 + 7 = 0, -5*v = 10. List the prime factors of r.
2
Suppose 2*a - 23 = 5. Let r = 5 + a. List the prime factors of r.
19
Let v(y) = y**3 + 15*y**2 + 25*y + 29. List the prime factors of v(-12).
7, 23
Suppose -l + 19 = 4*f, 2*f + 10 + 5 = 3*l. Let y = l + -3. What are the prime factors of y?
2
Let z = 3 + -3. Let s(g) = -g**3 + g**2 - 3. Let x be s(z). Let q = x + 18. What are the prime factors of q?
3, 5
Suppose 0 = q + 2*s - 7, 0*q + 5*s + 20 = 5*q. Suppose q*f = 2*f. Suppose -7*i + 3*i + 56 = f. List the prime factors of i.
2, 7
Let n(w) be the third derivative of -1/120*w**6 + 0*w + 5/6*w**3 - 1/12*w**5 - 1/24*w**4 + 4*w**2 + 0. What are the prime factors of n(-5)?
2, 5
Let u(a) = 3*a + 3. Let p(d) = -2*d - 2. Let m(o) = 8*p(o) + 5*u(o). Let j be m(-5). Suppose j*n = t + 20, -1 = -2*t - 9. What are the prime factors of n?
2
Suppose -3*a + 36 = -4*d, 2*d + 12 = -2*d. Let x be 4/6*(-12)/a. Let h(q) = -16*q + 1. List the prime factors of h(x).
17
Let q = 31 + -14. Suppose 5*g = -4*p + 68, 0 = p + g - 3*g - q. What are the prime factors of p?
17
Let w = -6 - -14. Suppose 0 = 2*h + 8, -2*n + 8 = 3*h - 4. Suppose w = 5*q - n. List the prime factors of q.
2
Suppose -2*w + 162 = -0*w. What are the prime factors of w?
3
Let q(c) = -112*c - 27. What are the prime factors of q(-2)?
197
Suppose m = -5*n + 181, m = 3*n - 58 - 49. List the prime factors of n.
2, 3
Let h(t) = t**3 + 11*t**2 - 2*t + 15. What are the prime factors of h(-11)?
37
Suppose 5*r + 2*b - 31 = 0, 4*b - 9*b = -15. Suppose j + 32 = r*j. What are the prime factors of j?
2
Suppose 4*h = 3*r - 359 + 37, h - 461 = -4*r. List the prime factors of r.
2, 3, 19
Suppose x = 4*x - 6. What are the prime factors of x?
2
Let b = 49 + -21. Let h = b + -16. Suppose 0 = -5*x + h + 3. What are the prime factors of x?
3
Let n(i) = -4*i**2 - 5*i - 5. Let l(g) = g**2. Let v(k) = -3*l(k) - n(k). Suppose -4*z = z + 25. What are the prime factors of v(z)?
5
Let k(u) = u**2 - u + 5. Let x(v) = -3*v**2 + 2*v + 2. Let j be x(2). Let d(p) = p**3 + 6*p**2. Let l be d(j). What are the prime factors of k(l)?
5
Suppose -j + 2*j = -6. Let w be (2/(-2))/(-2 - -1). What are the prime factors of (w - -1)*(-27)/j?
3
Let j(g) be the first derivative of g**3/3 + 2